{"id":17,"date":"2018-02-27T18:58:29","date_gmt":"2018-02-27T18:58:29","guid":{"rendered":"http:\/\/jap-osa.com\/wordpress\/?page_id=17"},"modified":"2018-03-02T02:19:07","modified_gmt":"2018-03-02T02:19:07","slug":"inicio","status":"publish","type":"page","link":"https:\/\/jap-osa.com\/wordpress\/","title":{"rendered":"Homepage"},"content":{"rendered":"<div id=\"pl-17\"  class=\"panel-layout\" ><div id=\"pg-17-0\"  class=\"panel-grid panel-has-style\" ><div class=\"siteorigin-panels-stretch panel-row-style panel-row-style-for-17-0\" data-stretch-type=\"full-stretched\" ><div id=\"pgc-17-0-0\"  class=\"panel-grid-cell\" ><div id=\"panel-17-0-0-0\" class=\"so-panel widget widget_sow-slider panel-first-child panel-last-child\" data-index=\"0\" ><div class=\"so-widget-sow-slider so-widget-sow-slider-default-53fd0f98de19-17\"><div class=\"sow-slider-base\" style=\"display: none\"><ul\n\t\t\t\t\tclass=\"sow-slider-images\"\n\t\t\t\t\tdata-settings=\"{&quot;pagination&quot;:true,&quot;speed&quot;:805,&quot;timeout&quot;:8000,&quot;paused&quot;:false,&quot;pause_on_hover&quot;:false,&quot;swipe&quot;:true,&quot;nav_always_show_desktop&quot;:&quot;&quot;,&quot;nav_always_show_mobile&quot;:&quot;&quot;,&quot;breakpoint&quot;:&quot;780px&quot;,&quot;unmute&quot;:false,&quot;anchor&quot;:null}\"\n\t\t\t\t\t\t\t\t\t>\t\t<li class=\"sow-slider-image\" style=\"\" >\n\t\t\t\t\t\t<div class=\"sow-slider-image-container\">\n\t\t\t\t<div class=\"sow-slider-image-wrapper\" style=\"max-width: 2048px\">\n\t\t\t\t\t\t\t\t\t\t<div class=\"sow-slider-image-foreground-wrapper\">\n\t\t\t\t\t\t<img width=\"2048\" height=\"720\" src=\"https:\/\/i0.wp.com\/jap-osa.com\/wordpress\/wp-content\/uploads\/2018\/02\/08.png?fit=2048%2C720&amp;ssl=1\" class=\"sow-slider-foreground-image skip-lazy\" alt=\"\" loading=\"eager\" style=\"\" srcset=\"https:\/\/i0.wp.com\/jap-osa.com\/wordpress\/wp-content\/uploads\/2018\/02\/08.png?w=2048&amp;ssl=1 2048w, https:\/\/i0.wp.com\/jap-osa.com\/wordpress\/wp-content\/uploads\/2018\/02\/08.png?resize=300%2C105&amp;ssl=1 300w, https:\/\/i0.wp.com\/jap-osa.com\/wordpress\/wp-content\/uploads\/2018\/02\/08.png?resize=768%2C270&amp;ssl=1 768w, https:\/\/i0.wp.com\/jap-osa.com\/wordpress\/wp-content\/uploads\/2018\/02\/08.png?resize=1024%2C360&amp;ssl=1 1024w, https:\/\/i0.wp.com\/jap-osa.com\/wordpress\/wp-content\/uploads\/2018\/02\/08.png?w=1575&amp;ssl=1 1575w\" sizes=\"100vw\" \/>\t\t\t\t\t<\/div>\n\t\t\t\t\t\t\t\t\t<\/div>\n\t\t\t<\/div>\n\t\t\t\t\t<\/li>\n\t\t\t\t<li class=\"sow-slider-image\" style=\"\" >\n\t\t\t\t\t\t<div class=\"sow-slider-image-container\">\n\t\t\t\t<div class=\"sow-slider-image-wrapper\" style=\"max-width: 2048px\">\n\t\t\t\t\t\t\t\t\t\t<div class=\"sow-slider-image-foreground-wrapper\">\n\t\t\t\t\t\t<img width=\"2048\" height=\"720\" src=\"https:\/\/i0.wp.com\/jap-osa.com\/wordpress\/wp-content\/uploads\/2018\/02\/12.png?fit=2048%2C720&amp;ssl=1\" class=\"sow-slider-foreground-image skip-lazy\" alt=\"\" loading=\"eager\" style=\"\" srcset=\"https:\/\/i0.wp.com\/jap-osa.com\/wordpress\/wp-content\/uploads\/2018\/02\/12.png?w=2048&amp;ssl=1 2048w, https:\/\/i0.wp.com\/jap-osa.com\/wordpress\/wp-content\/uploads\/2018\/02\/12.png?resize=300%2C105&amp;ssl=1 300w, https:\/\/i0.wp.com\/jap-osa.com\/wordpress\/wp-content\/uploads\/2018\/02\/12.png?resize=768%2C270&amp;ssl=1 768w, https:\/\/i0.wp.com\/jap-osa.com\/wordpress\/wp-content\/uploads\/2018\/02\/12.png?resize=1024%2C360&amp;ssl=1 1024w, https:\/\/i0.wp.com\/jap-osa.com\/wordpress\/wp-content\/uploads\/2018\/02\/12.png?w=1575&amp;ssl=1 1575w\" sizes=\"100vw\" \/>\t\t\t\t\t<\/div>\n\t\t\t\t\t\t\t\t\t<\/div>\n\t\t\t<\/div>\n\t\t\t\t\t<\/li>\n\t\t\t\t<li class=\"sow-slider-image\" style=\"\" >\n\t\t\t\t\t\t<div class=\"sow-slider-image-container\">\n\t\t\t\t<div class=\"sow-slider-image-wrapper\" style=\"max-width: 2048px\">\n\t\t\t\t\t\t\t\t\t\t<div class=\"sow-slider-image-foreground-wrapper\">\n\t\t\t\t\t\t<img width=\"2048\" height=\"720\" src=\"https:\/\/i0.wp.com\/jap-osa.com\/wordpress\/wp-content\/uploads\/2018\/02\/11.png?fit=2048%2C720&amp;ssl=1\" class=\"sow-slider-foreground-image skip-lazy\" alt=\"\" loading=\"eager\" style=\"\" srcset=\"https:\/\/i0.wp.com\/jap-osa.com\/wordpress\/wp-content\/uploads\/2018\/02\/11.png?w=2048&amp;ssl=1 2048w, https:\/\/i0.wp.com\/jap-osa.com\/wordpress\/wp-content\/uploads\/2018\/02\/11.png?resize=300%2C105&amp;ssl=1 300w, https:\/\/i0.wp.com\/jap-osa.com\/wordpress\/wp-content\/uploads\/2018\/02\/11.png?resize=768%2C270&amp;ssl=1 768w, https:\/\/i0.wp.com\/jap-osa.com\/wordpress\/wp-content\/uploads\/2018\/02\/11.png?resize=1024%2C360&amp;ssl=1 1024w, https:\/\/i0.wp.com\/jap-osa.com\/wordpress\/wp-content\/uploads\/2018\/02\/11.png?w=1575&amp;ssl=1 1575w\" sizes=\"100vw\" \/>\t\t\t\t\t<\/div>\n\t\t\t\t\t\t\t\t\t<\/div>\n\t\t\t<\/div>\n\t\t\t\t\t<\/li>\n\t\t\t\t<li class=\"sow-slider-image\" style=\"\" >\n\t\t\t\t\t\t<div class=\"sow-slider-image-container\">\n\t\t\t\t<div class=\"sow-slider-image-wrapper\" style=\"max-width: 2048px\">\n\t\t\t\t\t\t\t\t\t\t<div class=\"sow-slider-image-foreground-wrapper\">\n\t\t\t\t\t\t<img width=\"2048\" height=\"720\" src=\"https:\/\/i0.wp.com\/jap-osa.com\/wordpress\/wp-content\/uploads\/2018\/02\/10.png?fit=2048%2C720&amp;ssl=1\" class=\"sow-slider-foreground-image skip-lazy\" alt=\"\" loading=\"eager\" style=\"\" srcset=\"https:\/\/i0.wp.com\/jap-osa.com\/wordpress\/wp-content\/uploads\/2018\/02\/10.png?w=2048&amp;ssl=1 2048w, https:\/\/i0.wp.com\/jap-osa.com\/wordpress\/wp-content\/uploads\/2018\/02\/10.png?resize=300%2C105&amp;ssl=1 300w, https:\/\/i0.wp.com\/jap-osa.com\/wordpress\/wp-content\/uploads\/2018\/02\/10.png?resize=768%2C270&amp;ssl=1 768w, https:\/\/i0.wp.com\/jap-osa.com\/wordpress\/wp-content\/uploads\/2018\/02\/10.png?resize=1024%2C360&amp;ssl=1 1024w, https:\/\/i0.wp.com\/jap-osa.com\/wordpress\/wp-content\/uploads\/2018\/02\/10.png?w=1575&amp;ssl=1 1575w\" sizes=\"100vw\" \/>\t\t\t\t\t<\/div>\n\t\t\t\t\t\t\t\t\t<\/div>\n\t\t\t<\/div>\n\t\t\t\t\t<\/li>\n\t\t\t\t<li class=\"sow-slider-image\" style=\"\" >\n\t\t\t\t\t\t<div class=\"sow-slider-image-container\">\n\t\t\t\t<div class=\"sow-slider-image-wrapper\" style=\"max-width: 2048px\">\n\t\t\t\t\t\t\t\t\t\t<div class=\"sow-slider-image-foreground-wrapper\">\n\t\t\t\t\t\t<img width=\"2048\" height=\"720\" src=\"https:\/\/i0.wp.com\/jap-osa.com\/wordpress\/wp-content\/uploads\/2018\/02\/09.png?fit=2048%2C720&amp;ssl=1\" class=\"sow-slider-foreground-image skip-lazy\" alt=\"\" loading=\"eager\" style=\"\" srcset=\"https:\/\/i0.wp.com\/jap-osa.com\/wordpress\/wp-content\/uploads\/2018\/02\/09.png?w=2048&amp;ssl=1 2048w, https:\/\/i0.wp.com\/jap-osa.com\/wordpress\/wp-content\/uploads\/2018\/02\/09.png?resize=300%2C105&amp;ssl=1 300w, https:\/\/i0.wp.com\/jap-osa.com\/wordpress\/wp-content\/uploads\/2018\/02\/09.png?resize=768%2C270&amp;ssl=1 768w, https:\/\/i0.wp.com\/jap-osa.com\/wordpress\/wp-content\/uploads\/2018\/02\/09.png?resize=1024%2C360&amp;ssl=1 1024w, https:\/\/i0.wp.com\/jap-osa.com\/wordpress\/wp-content\/uploads\/2018\/02\/09.png?w=1575&amp;ssl=1 1575w\" sizes=\"100vw\" \/>\t\t\t\t\t<\/div>\n\t\t\t\t\t\t\t\t\t<\/div>\n\t\t\t<\/div>\n\t\t\t\t\t<\/li>\n\t\t\t\t<li class=\"sow-slider-image\" style=\"\" >\n\t\t\t\t\t\t<div class=\"sow-slider-image-container\">\n\t\t\t\t<div class=\"sow-slider-image-wrapper\" style=\"max-width: 2048px\">\n\t\t\t\t\t\t\t\t\t\t<div class=\"sow-slider-image-foreground-wrapper\">\n\t\t\t\t\t\t<img width=\"2048\" height=\"720\" src=\"https:\/\/i0.wp.com\/jap-osa.com\/wordpress\/wp-content\/uploads\/2018\/02\/07.png?fit=2048%2C720&amp;ssl=1\" class=\"sow-slider-foreground-image skip-lazy\" alt=\"\" loading=\"eager\" style=\"\" srcset=\"https:\/\/i0.wp.com\/jap-osa.com\/wordpress\/wp-content\/uploads\/2018\/02\/07.png?w=2048&amp;ssl=1 2048w, https:\/\/i0.wp.com\/jap-osa.com\/wordpress\/wp-content\/uploads\/2018\/02\/07.png?resize=300%2C105&amp;ssl=1 300w, https:\/\/i0.wp.com\/jap-osa.com\/wordpress\/wp-content\/uploads\/2018\/02\/07.png?resize=768%2C270&amp;ssl=1 768w, https:\/\/i0.wp.com\/jap-osa.com\/wordpress\/wp-content\/uploads\/2018\/02\/07.png?resize=1024%2C360&amp;ssl=1 1024w, https:\/\/i0.wp.com\/jap-osa.com\/wordpress\/wp-content\/uploads\/2018\/02\/07.png?w=1575&amp;ssl=1 1575w\" sizes=\"100vw\" \/>\t\t\t\t\t<\/div>\n\t\t\t\t\t\t\t\t\t<\/div>\n\t\t\t<\/div>\n\t\t\t\t\t<\/li>\n\t\t\t\t<li class=\"sow-slider-image\" style=\"\" >\n\t\t\t\t\t\t<div class=\"sow-slider-image-container\">\n\t\t\t\t<div class=\"sow-slider-image-wrapper\" style=\"max-width: 2048px\">\n\t\t\t\t\t\t\t\t\t\t<div class=\"sow-slider-image-foreground-wrapper\">\n\t\t\t\t\t\t<img width=\"2048\" height=\"720\" src=\"https:\/\/i0.wp.com\/jap-osa.com\/wordpress\/wp-content\/uploads\/2018\/02\/06.png?fit=2048%2C720&amp;ssl=1\" class=\"sow-slider-foreground-image skip-lazy\" alt=\"\" loading=\"eager\" style=\"\" srcset=\"https:\/\/i0.wp.com\/jap-osa.com\/wordpress\/wp-content\/uploads\/2018\/02\/06.png?w=2048&amp;ssl=1 2048w, https:\/\/i0.wp.com\/jap-osa.com\/wordpress\/wp-content\/uploads\/2018\/02\/06.png?resize=300%2C105&amp;ssl=1 300w, https:\/\/i0.wp.com\/jap-osa.com\/wordpress\/wp-content\/uploads\/2018\/02\/06.png?resize=768%2C270&amp;ssl=1 768w, https:\/\/i0.wp.com\/jap-osa.com\/wordpress\/wp-content\/uploads\/2018\/02\/06.png?resize=1024%2C360&amp;ssl=1 1024w, https:\/\/i0.wp.com\/jap-osa.com\/wordpress\/wp-content\/uploads\/2018\/02\/06.png?w=1575&amp;ssl=1 1575w\" sizes=\"100vw\" \/>\t\t\t\t\t<\/div>\n\t\t\t\t\t\t\t\t\t<\/div>\n\t\t\t<\/div>\n\t\t\t\t\t<\/li>\n\t\t\t\t<li class=\"sow-slider-image\" style=\"\" >\n\t\t\t\t\t\t<div class=\"sow-slider-image-container\">\n\t\t\t\t<div class=\"sow-slider-image-wrapper\" style=\"max-width: 2048px\">\n\t\t\t\t\t\t\t\t\t\t<div class=\"sow-slider-image-foreground-wrapper\">\n\t\t\t\t\t\t<img width=\"2048\" height=\"720\" src=\"https:\/\/i0.wp.com\/jap-osa.com\/wordpress\/wp-content\/uploads\/2018\/02\/05.png?fit=2048%2C720&amp;ssl=1\" class=\"sow-slider-foreground-image skip-lazy\" alt=\"\" loading=\"eager\" style=\"\" srcset=\"https:\/\/i0.wp.com\/jap-osa.com\/wordpress\/wp-content\/uploads\/2018\/02\/05.png?w=2048&amp;ssl=1 2048w, https:\/\/i0.wp.com\/jap-osa.com\/wordpress\/wp-content\/uploads\/2018\/02\/05.png?resize=300%2C105&amp;ssl=1 300w, https:\/\/i0.wp.com\/jap-osa.com\/wordpress\/wp-content\/uploads\/2018\/02\/05.png?resize=768%2C270&amp;ssl=1 768w, https:\/\/i0.wp.com\/jap-osa.com\/wordpress\/wp-content\/uploads\/2018\/02\/05.png?resize=1024%2C360&amp;ssl=1 1024w, https:\/\/i0.wp.com\/jap-osa.com\/wordpress\/wp-content\/uploads\/2018\/02\/05.png?w=1575&amp;ssl=1 1575w\" sizes=\"100vw\" \/>\t\t\t\t\t<\/div>\n\t\t\t\t\t\t\t\t\t<\/div>\n\t\t\t<\/div>\n\t\t\t\t\t<\/li>\n\t\t\t\t<li class=\"sow-slider-image\" style=\"\" >\n\t\t\t\t\t\t<div class=\"sow-slider-image-container\">\n\t\t\t\t<div class=\"sow-slider-image-wrapper\" style=\"max-width: 2048px\">\n\t\t\t\t\t\t\t\t\t\t<div class=\"sow-slider-image-foreground-wrapper\">\n\t\t\t\t\t\t<img width=\"2048\" height=\"720\" src=\"https:\/\/i0.wp.com\/jap-osa.com\/wordpress\/wp-content\/uploads\/2018\/02\/03.png?fit=2048%2C720&amp;ssl=1\" class=\"sow-slider-foreground-image skip-lazy\" alt=\"\" loading=\"eager\" style=\"\" srcset=\"https:\/\/i0.wp.com\/jap-osa.com\/wordpress\/wp-content\/uploads\/2018\/02\/03.png?w=2048&amp;ssl=1 2048w, https:\/\/i0.wp.com\/jap-osa.com\/wordpress\/wp-content\/uploads\/2018\/02\/03.png?resize=300%2C105&amp;ssl=1 300w, https:\/\/i0.wp.com\/jap-osa.com\/wordpress\/wp-content\/uploads\/2018\/02\/03.png?resize=768%2C270&amp;ssl=1 768w, https:\/\/i0.wp.com\/jap-osa.com\/wordpress\/wp-content\/uploads\/2018\/02\/03.png?resize=1024%2C360&amp;ssl=1 1024w, https:\/\/i0.wp.com\/jap-osa.com\/wordpress\/wp-content\/uploads\/2018\/02\/03.png?w=1575&amp;ssl=1 1575w\" sizes=\"100vw\" \/>\t\t\t\t\t<\/div>\n\t\t\t\t\t\t\t\t\t<\/div>\n\t\t\t<\/div>\n\t\t\t\t\t<\/li>\n\t\t\t\t<li class=\"sow-slider-image\" style=\"\" >\n\t\t\t\t\t\t<div class=\"sow-slider-image-container\">\n\t\t\t\t<div class=\"sow-slider-image-wrapper\" style=\"max-width: 2048px\">\n\t\t\t\t\t\t\t\t\t\t<div class=\"sow-slider-image-foreground-wrapper\">\n\t\t\t\t\t\t<img width=\"2048\" height=\"720\" src=\"https:\/\/i0.wp.com\/jap-osa.com\/wordpress\/wp-content\/uploads\/2018\/02\/02.png?fit=2048%2C720&amp;ssl=1\" class=\"sow-slider-foreground-image skip-lazy\" alt=\"\" loading=\"eager\" style=\"\" srcset=\"https:\/\/i0.wp.com\/jap-osa.com\/wordpress\/wp-content\/uploads\/2018\/02\/02.png?w=2048&amp;ssl=1 2048w, https:\/\/i0.wp.com\/jap-osa.com\/wordpress\/wp-content\/uploads\/2018\/02\/02.png?resize=300%2C105&amp;ssl=1 300w, https:\/\/i0.wp.com\/jap-osa.com\/wordpress\/wp-content\/uploads\/2018\/02\/02.png?resize=768%2C270&amp;ssl=1 768w, https:\/\/i0.wp.com\/jap-osa.com\/wordpress\/wp-content\/uploads\/2018\/02\/02.png?resize=1024%2C360&amp;ssl=1 1024w, https:\/\/i0.wp.com\/jap-osa.com\/wordpress\/wp-content\/uploads\/2018\/02\/02.png?w=1575&amp;ssl=1 1575w\" sizes=\"100vw\" \/>\t\t\t\t\t<\/div>\n\t\t\t\t\t\t\t\t\t<\/div>\n\t\t\t<\/div>\n\t\t\t\t\t<\/li>\n\t\t\t\t<li class=\"sow-slider-image\" style=\"\" >\n\t\t\t\t\t\t<div class=\"sow-slider-image-container\">\n\t\t\t\t<div class=\"sow-slider-image-wrapper\" style=\"max-width: 2048px\">\n\t\t\t\t\t\t\t\t\t\t<div class=\"sow-slider-image-foreground-wrapper\">\n\t\t\t\t\t\t<img width=\"2048\" height=\"720\" src=\"https:\/\/i0.wp.com\/jap-osa.com\/wordpress\/wp-content\/uploads\/2018\/02\/01.png?fit=2048%2C720&amp;ssl=1\" class=\"sow-slider-foreground-image skip-lazy\" alt=\"\" loading=\"eager\" style=\"\" srcset=\"https:\/\/i0.wp.com\/jap-osa.com\/wordpress\/wp-content\/uploads\/2018\/02\/01.png?w=2048&amp;ssl=1 2048w, https:\/\/i0.wp.com\/jap-osa.com\/wordpress\/wp-content\/uploads\/2018\/02\/01.png?resize=300%2C105&amp;ssl=1 300w, https:\/\/i0.wp.com\/jap-osa.com\/wordpress\/wp-content\/uploads\/2018\/02\/01.png?resize=768%2C270&amp;ssl=1 768w, https:\/\/i0.wp.com\/jap-osa.com\/wordpress\/wp-content\/uploads\/2018\/02\/01.png?resize=1024%2C360&amp;ssl=1 1024w, https:\/\/i0.wp.com\/jap-osa.com\/wordpress\/wp-content\/uploads\/2018\/02\/01.png?w=1575&amp;ssl=1 1575w\" sizes=\"100vw\" \/>\t\t\t\t\t<\/div>\n\t\t\t\t\t\t\t\t\t<\/div>\n\t\t\t<\/div>\n\t\t\t\t\t<\/li>\n\t\t\t\t<li class=\"sow-slider-image\" style=\"\" >\n\t\t\t\t\t\t<div class=\"sow-slider-image-container\">\n\t\t\t\t<div class=\"sow-slider-image-wrapper\" style=\"max-width: 2048px\">\n\t\t\t\t\t\t\t\t\t\t<div class=\"sow-slider-image-foreground-wrapper\">\n\t\t\t\t\t\t<img width=\"2048\" height=\"720\" src=\"https:\/\/i0.wp.com\/jap-osa.com\/wordpress\/wp-content\/uploads\/2018\/02\/04.png?fit=2048%2C720&amp;ssl=1\" class=\"sow-slider-foreground-image skip-lazy\" alt=\"\" loading=\"eager\" style=\"\" srcset=\"https:\/\/i0.wp.com\/jap-osa.com\/wordpress\/wp-content\/uploads\/2018\/02\/04.png?w=2048&amp;ssl=1 2048w, https:\/\/i0.wp.com\/jap-osa.com\/wordpress\/wp-content\/uploads\/2018\/02\/04.png?resize=300%2C105&amp;ssl=1 300w, https:\/\/i0.wp.com\/jap-osa.com\/wordpress\/wp-content\/uploads\/2018\/02\/04.png?resize=768%2C270&amp;ssl=1 768w, https:\/\/i0.wp.com\/jap-osa.com\/wordpress\/wp-content\/uploads\/2018\/02\/04.png?resize=1024%2C360&amp;ssl=1 1024w, https:\/\/i0.wp.com\/jap-osa.com\/wordpress\/wp-content\/uploads\/2018\/02\/04.png?w=1575&amp;ssl=1 1575w\" sizes=\"100vw\" \/>\t\t\t\t\t<\/div>\n\t\t\t\t\t\t\t\t\t<\/div>\n\t\t\t<\/div>\n\t\t\t\t\t<\/li>\n\t\t<\/ul>\t\t\t\t<ol class=\"sow-slider-pagination\">\n\t\t\t\t\t\t\t\t\t\t\t<li><a href=\"#\" data-goto=\"0\" aria-label=\"display slide 1\"><\/a><\/li>\n\t\t\t\t\t\t\t\t\t\t\t<li><a href=\"#\" data-goto=\"1\" aria-label=\"display slide 2\"><\/a><\/li>\n\t\t\t\t\t\t\t\t\t\t\t<li><a href=\"#\" data-goto=\"2\" aria-label=\"display slide 3\"><\/a><\/li>\n\t\t\t\t\t\t\t\t\t\t\t<li><a href=\"#\" data-goto=\"3\" aria-label=\"display slide 4\"><\/a><\/li>\n\t\t\t\t\t\t\t\t\t\t\t<li><a href=\"#\" data-goto=\"4\" aria-label=\"display slide 5\"><\/a><\/li>\n\t\t\t\t\t\t\t\t\t\t\t<li><a href=\"#\" data-goto=\"5\" aria-label=\"display slide 6\"><\/a><\/li>\n\t\t\t\t\t\t\t\t\t\t\t<li><a href=\"#\" data-goto=\"6\" aria-label=\"display slide 7\"><\/a><\/li>\n\t\t\t\t\t\t\t\t\t\t\t<li><a href=\"#\" data-goto=\"7\" aria-label=\"display slide 8\"><\/a><\/li>\n\t\t\t\t\t\t\t\t\t\t\t<li><a href=\"#\" data-goto=\"8\" aria-label=\"display slide 9\"><\/a><\/li>\n\t\t\t\t\t\t\t\t\t\t\t<li><a href=\"#\" data-goto=\"9\" aria-label=\"display slide 10\"><\/a><\/li>\n\t\t\t\t\t\t\t\t\t\t\t<li><a href=\"#\" data-goto=\"10\" aria-label=\"display slide 11\"><\/a><\/li>\n\t\t\t\t\t\t\t\t\t\t\t<li><a href=\"#\" data-goto=\"11\" aria-label=\"display slide 12\"><\/a><\/li>\n\t\t\t\t\t\t\t\t\t<\/ol>\n\n\t\t\t\t<div class=\"sow-slide-nav sow-slide-nav-next\">\n\t\t\t\t\t<a href=\"#\" data-goto=\"next\" aria-label=\"next slide\" data-action=\"next\">\n\t\t\t\t\t\t<em class=\"sow-sld-icon-thin-right\"><\/em>\n\t\t\t\t\t<\/a>\n\t\t\t\t<\/div>\n\n\t\t\t\t<div class=\"sow-slide-nav sow-slide-nav-prev\">\n\t\t\t\t\t<a href=\"#\" data-goto=\"previous\" aria-label=\"previous slide\" data-action=\"prev\">\n\t\t\t\t\t\t<em class=\"sow-sld-icon-thin-left\"><\/em>\n\t\t\t\t\t<\/a>\n\t\t\t\t<\/div>\n\t\t\t\t<\/div><\/div><\/div><\/div><\/div><\/div><div id=\"pg-17-1\"  class=\"panel-grid panel-no-style\" ><div id=\"pgc-17-1-0\"  class=\"panel-grid-cell\" ><div id=\"panel-17-1-0-0\" class=\"so-panel widget widget_sow-image panel-first-child panel-last-child\" data-index=\"1\" ><div class=\"so-widget-sow-image so-widget-sow-image-default-17bc2272b535-17\">\n\n<div class=\"sow-image-container\">\n\t\t<img src=\"https:\/\/i0.wp.com\/jap-osa.com\/wordpress\/wp-content\/uploads\/2018\/03\/10344292_10205828288121283_6432593437203786712_o.jpg?resize=2000%2C1200&amp;ssl=1\" width=\"2000\" height=\"1200\" alt=\"\" loading=\"lazy\" \t\tclass=\"so-widget-image\"\/>\n\t<\/div>\n\n<\/div><\/div><\/div><\/div><div id=\"pg-17-2\"  class=\"panel-grid panel-no-style\" ><div id=\"pgc-17-2-0\"  class=\"panel-grid-cell\" ><div id=\"panel-17-2-0-0\" class=\"so-panel widget widget_sow-editor panel-first-child panel-last-child\" data-index=\"2\" ><div class=\"so-widget-sow-editor so-widget-sow-editor-base\">\n<div class=\"siteorigin-widget-tinymce textwidget\">\n\t<h1 style=\"text-align: center;\">A <strong>Juventude Agostiniana Portuguesa<\/strong>,\u00a0ou JAP, \u00e9 uma associa\u00e7\u00e3o juvenil sem fins lucrativos, com reconhecimento civil concedido pela C\u00e2mara de Arruda dos Vinhos em 26 de Janeiro de 1990.<\/h1>\n<\/div>\n<\/div><\/div><\/div><\/div><div id=\"pg-17-3\"  class=\"panel-grid panel-no-style\" ><div id=\"pgc-17-3-0\"  class=\"panel-grid-cell\" ><div id=\"panel-17-3-0-0\" class=\"so-panel widget widget_sow-button panel-first-child panel-last-child\" data-index=\"3\" ><div class=\"so-widget-sow-button so-widget-sow-button-wire-c7421e37505b-17\"><div class=\"ow-button-base ow-button-align-center\">\n\t<a href=\"http:\/\/jap-osa.com\/wordpress\/sobre-jap\/\" class=\"button3 ow-icon-placement-left ow-button-hover\" \t\t>\n\t\t<span>\n\t\t\t\n\t\t\tSaber Mais\t\t<\/span>\n\t<\/a>\n<\/div>\n<\/div><\/div><\/div><\/div><\/div>","protected":false},"excerpt":{"rendered":"<p>A Juventude Agostiniana Portuguesa,\u00a0ou JAP, \u00e9 uma associa\u00e7\u00e3o juvenil sem fins lucrativos, com reconhecimento civil concedido pela C\u00e2mara de Arruda dos Vinhos em 26 de Janeiro de 1990. Saber Mais<\/p>\n","protected":false},"author":1,"featured_media":0,"parent":0,"menu_order":0,"comment_status":"closed","ping_status":"closed","template":"","meta":{"spay_email":""},"jetpack_shortlink":"https:\/\/wp.me\/P9IcpZ-h","jetpack_likes_enabled":true,"_links":{"self":[{"href":"https:\/\/jap-osa.com\/wordpress\/wp-json\/wp\/v2\/pages\/17"}],"collection":[{"href":"https:\/\/jap-osa.com\/wordpress\/wp-json\/wp\/v2\/pages"}],"about":[{"href":"https:\/\/jap-osa.com\/wordpress\/wp-json\/wp\/v2\/types\/page"}],"author":[{"embeddable":true,"href":"https:\/\/jap-osa.com\/wordpress\/wp-json\/wp\/v2\/users\/1"}],"replies":[{"embeddable":true,"href":"https:\/\/jap-osa.com\/wordpress\/wp-json\/wp\/v2\/comments?post=17"}],"version-history":[{"count":44,"href":"https:\/\/jap-osa.com\/wordpress\/wp-json\/wp\/v2\/pages\/17\/revisions"}],"predecessor-version":[{"id":229,"href":"https:\/\/jap-osa.com\/wordpress\/wp-json\/wp\/v2\/pages\/17\/revisions\/229"}],"wp:attachment":[{"href":"https:\/\/jap-osa.com\/wordpress\/wp-json\/wp\/v2\/media?parent=17"}],"curies":[{"name":"wp","href":"https:\/\/api.w.org\/{rel}","templated":true}]}}